What are the prime factors of (-3)/9 + (1*-38)/(369/(-102090))?
10513
Let g(r) = 721*r**2 + 326*r + 68. What are the prime factors of g(8)?
2, 5, 2441
Let w(x) = x**2 - 8*x - 136. Let h be w(17). Suppose -h*r = -1797 + 607. List the prime factors of r.
2, 5, 7
Suppose -2*f = 5*d - 482, -11*d + 10*d - 706 = -3*f. What are the prime factors of (2537/f)/(1/76)?
19, 43
Let a = -137 - -1308. What are the prime factors of a?
1171
Suppose 19 = 3*b - 128. Let o = b + -43. Suppose -8*i + o*i = -8, -3*i = -5*n + 428. List the prime factors of n.
2, 11
Suppose -15*u + 8*u = -14. Suppose 0 = 4*g + 3*t - 271 - 129, 5*g = -u*t + 507. What are the prime factors of g?
103
Let b be 11/((-77)/(-35)) + -5. Suppose m - 4*r + 3 = r, 2*m - r - 3 = 0. Suppose b = 3*j + m*j - 50. What are the prime factors of j?
2, 5
Let l = 2023 - 1341. Suppose l = -33*g + 5236. List the prime factors of g.
2, 3, 23
Suppose 4*j = j + j. Suppose -4*p + 3*y - 18 = -p, j = -4*p - 5*y - 15. What are the prime factors of p + 1 + 211/1?
3, 23
Let j(l) = l**3 - 10*l**2 - 32*l + 27. Let u be j(11). Let h = u - -408. What are the prime factors of h?
2, 3, 17
Let q = -48222 - -69783. What are the prime factors of q?
3, 7187
What are the prime factors of 5450*4*(-24)/320*-5?
3, 5, 109
Let i = -32510 - -58430. List the prime factors of i.
2, 3, 5
Let k be (-42)/(-49) + 66/21 + -2. Let d = -84 - -152. Suppose 0 + k = j + 5*i, d = 4*j + 5*i. List the prime factors of j.
2, 11
Let o(m) = m - 7. Suppose -t = 2*t, -t - 3 = -3*f. Let h be o(f). List the prime factors of 1 + -2 - (h + -124).
3, 43
Let m(d) = 23*d - 38. Let q = 105 - 93. List the prime factors of m(q).
2, 7, 17
Suppose 5*c - 2031 = 4*g, -c + g + 107 = -300. What are the prime factors of c + (-3)/(-9)*-9?
2, 5
Let q(g) be the second derivative of -24*g + 0 + 128/3*g**3 + 3/2*g**2. List the prime factors of q(1).
7, 37
Let f(t) = 5*t - 28. Let u be f(7). Let v be -2 + (-4 - -13*u). Suppose -2*o + v = -o. List the prime factors of o.
5, 17
Let q(l) = -3*l**2 + 4*l + 2. Let n = 15 + -13. Let z be q(n). What are the prime factors of (702/36)/(1/(-4)*z)?
3, 13
Suppose -2*b + 146*l = 142*l - 5930, 0 = -3*b + 4*l + 8885. List the prime factors of b.
3, 5, 197
Let f(h) = -h**3 + 76*h**2 + 142*h + 68. What are the prime factors of f(68)?
2, 3, 17, 229
Let j = -686 - -1197. Suppose 3*n - 5*r - 1693 = 0, n + r - 48 = j. Suppose -4*t - 7*t = -n. List the prime factors of t.
3, 17
Let w = -369 - -369. Let s(m) = -m**3 + m**2 - 11*m + 6. List the prime factors of s(w).
2, 3
Let j(b) = 17*b**2 + 11*b. Let v be j(-6). Suppose 4*s - 154 = v. Suppose 5*u - s = 70. What are the prime factors of u?
7
Let f(b) = -95*b - 103. List the prime factors of f(-9).
2, 47
Suppose 4*x + 25*n - 48809 = 24*n, -3*x = -2*n - 36604. What are the prime factors of x?
2, 6101
Let m = -2316 + 4729. Suppose m = 5*j + 14*j. What are the prime factors of j?
127
Suppose -4*z + 16 = -4*h, 5*h = 2*z - 5 - 12. Let n be ((-832)/128)/(1*(-1)/2). Suppose -2*m = -n - z. List the prime factors of m.
7
Let w be 9 + -13 - (898 + 2). Let z = w - -1661. What are the prime factors of z?
757
Suppose -9235 = -5*j + d, 0*j - 2*d = 3*j - 5554. Let m = j + -1306. List the prime factors of m.
2, 271
Let v(y) be the second derivative of 13*y**3/6 - 51*y**2/2 - 58*y. List the prime factors of v(20).
11, 19
Let b be ((-1)/2 - -1) + (-1)/2. Suppose b = 10*q - 3*q - 21. Suppose 3 = n + c - 2*c, q*n - 5*c = 3. What are the prime factors of n?
2, 3
Let b be 166 - (0 - -1) - 0. Let t = 332 + -375. Let o = b - t. List the prime factors of o.
2, 13
Let l(b) = -b**2 - 16*b + 17. Let q be l(-17). Suppose t + 4*o - 253 = 0, t + 5*o - 199 - 59 = q. List the prime factors of t.
233
Let c(r) = 9*r + 18. Let h(q) = 19*q + 35. Let w(p) = -5*c(p) + 2*h(p). Let f be w(-4). Suppose 128 = 4*g + f. List the prime factors of g.
2, 3, 5
Suppose -8*o + 5*h = -4*o - 91, 4*o - 136 = -4*h. Suppose -o - 7 = x. What are the prime factors of (78/(-9) - 1)/(2/x)?
2, 3, 29
Suppose 0 = 2*u + u, 3 = -3*q + 5*u. Let d(r) = r**3 + r + 6. Let n(l) = -123*l**3 - 2*l**2 - 2*l - 6. Let s(w) = d(w) + n(w). List the prime factors of s(q).
11
Let k(g) = 85*g**2 - g + 2. Suppose -15*l - 4 = -11*l. Let f be k(l). Suppose -5*o + f = -2*o + i, -135 = -5*o - 4*i. What are the prime factors of o?
31
Let h(g) = g**3 + 4*g**2 - 13*g + 1. Let s be h(-6). Suppose -2*t - 800 = -7*t. Suppose t = 9*l - s*l. What are the prime factors of l?
2, 5
Suppose 0 = 58*f - 11*f - 23*f - 117984. List the prime factors of f.
2, 1229
Let b be 3/6*(-342)/1. Let y = 179 + b. List the prime factors of y.
2
Let f(j) = -4*j + 27. Suppose 6*d - 58 - 20 = 0. Let k(i) = -i**3 + 13*i**2 - i + 4. Let s be k(d). List the prime factors of f(s).
3, 7
Suppose 467*u - 469*u = -12. Suppose -u*x = -1240 - 2120. What are the prime factors of x?
2, 5, 7
Suppose 14*y - 12*y + 7*a = 87793, -3*a = -y + 43864. What are the prime factors of y?
11, 3989
Let s(y) = -y**3 - 2*y**2 + 10*y - 10. Suppose 0 = 8*l - 0*l - 144. Suppose -l = -39*w + 42*w. What are the prime factors of s(w)?
2, 37
Let g = 93112 + -65597. What are the prime factors of g?
5, 5503
Suppose 9*z + 37*z = -13*z + 1222598. List the prime factors of z.
2, 13, 797
Let f be -213 + (-1)/2*0. Let l(y) = 5*y**2 + 201*y - 342. Let d be l(-40). Let o = f - d. List the prime factors of o.
13
Let l(u) = 8*u**3 - 5*u - 4. Let r be l(-2). Let p = 21 + r. Let q = p + 211. List the prime factors of q.
2, 3, 29
Suppose 3*n + 3*n = 23148. Suppose 3*i + 2313 = 3*g, -5*g - 6*i + n = -10*i. List the prime factors of g.
2, 3, 43
Let h(l) = -1523*l - 1914. What are the prime factors of h(-9)?
3, 3931
Let s(b) = b**3 + 7*b**2 + 7*b - 4. Let x be s(-5). Suppose 2*t - 14 = 18. Suppose x*q = t*q - 370. List the prime factors of q.
2, 37
Let a = -358 + 8. Let n be (24/(-30))/(4/a). Suppose 195 = 75*r - n*r. What are the prime factors of r?
3, 13
Let a(w) = -4*w - 35. Let z be a(-23). Let o be (2 - 2/2)*z. Let s = 129 - o. List the prime factors of s.
2, 3
Let o = 212 - -5675. List the prime factors of o.
7, 29
Suppose 0 = -20*p + 18*p + 14. Let i(z) = 191*z - 14. Let u be i(p). Suppose -261 = -7*r + 6*r - 2*w, 0 = -5*r - 4*w + u. What are the prime factors of r?
3, 89
Suppose -q + 5*z = -33706, 45*z - 46*z = -2*q + 67331. What are the prime factors of q?
41, 821
Suppose -13 = -4*o - 97. What are the prime factors of o/14*(126 - 0)*-1?
3, 7
Let g(x) = -5*x**3 - 9*x**2 - x - 16. What are the prime factors of g(-8)?
2, 13, 19
Let a be 145/20*(-1 + 89). Suppose 5*v = -d + a, 2*d - v + 2*v - 1321 = 0. Suppose 9*i - 255 = d. List the prime factors of i.
2, 3, 17
Suppose -t = 4*j - 35467, -4*t + 8878 = j - 6*t. What are the prime factors of j?
2, 3, 739
Let o(n) = -22 + 28 - 31*n + 92 + 20*n. What are the prime factors of o(-14)?
2, 3, 7
Let o = -4521 - -10116. What are the prime factors of o?
3, 5, 373
Suppose -2*a + 216 = y - 211, 3*a + 2*y - 640 = 0. Let j = a - 145. Let n = j - 43. What are the prime factors of n?
2, 13
Let y be ((-54)/(-36))/((-1)/(-2)). Suppose 2*g - z - y*z = 698, 0 = -2*z. What are the prime factors of g?
349
Suppose 43*x - 87 = 14*x. What are the prime factors of ((-275)/(-1))/(2 - (x - 2))?
5, 11
Suppose -80 = -15*n + 7*n. Let y(f) = -3793*f**3 + 2 + 20*f**2 + 3795*f**3 - n. List the prime factors of y(-9).
2, 7, 11
Suppose 0 = 9*f + 106 - 331. Let l = f - 23. Suppose 0 = -l*m - 36 + 166. List the prime factors of m.
5, 13
Let j = 46985 + -34565. List the prime factors of j.
2, 3, 5, 23
Let m(c) = c**2 + 77*c - 348. Let y be m(-56). Let b = -340 - y. List the prime factors of b.
2, 37
Let k be (776/(-6))/(30/225). Let o = k - -1477. What are the prime factors of o?
3, 13
Let u = -2370 + -400. What are the prime factors of 2/(-5)*u/4?
277
Suppose -28*n + 110 = -6*n. Suppose -n*o + 22*s + 3502 = 24*s, -2097 = -3*o + 3*s. List the prime factors of o.
2, 5, 7
Let q = 17169 - 8023. List the prime factors of q.
2, 17, 269
Let c(v) = 2*v + 18. Let w be c(-10). Let x be (11/33)/(w/(-24)). Suppose 8*l + 4*q = 3*l + 115, x*q + 20 = 0. What are the prime factors of l?
3
Let k = 10886 - 7790. What are the prime factors of k?
2, 3, 43
Suppose -2*s = 4*i - 416, 6*i - 2*s - 432 = 2*i. Let k(o) = -68*o + 2. Let n be k(-1). Let j = i - n. What 